when m is divided by 60.
59
Let v(o) = -831*o + 19 + 816*o - o**2 - 4. What is the remainder when v(-5) is divided by 17?
14
Let h(u) = -9*u + 254 - 10*u - 74 + 4*u**2 - 72 - 81. Calculate the remainder when h(9) is divided by 13.
11
Suppose 0 = -m - 3*l + 290, -m + 251 + 49 = 5*l. Let u = m + -207. Calculate the remainder when u is divided by 35.
33
Suppose 16 = 4*a, -5*i - a + 178 = -2*i. What is the remainder when 287 is divided by i?
55
Let g(z) = -z**3 - 43*z**2 + 33*z + 1429. What is the remainder when 12177 is divided by g(-43)?
7
What is the remainder when 53 is divided by ((-1)/2)/(2/(-120)*10)?
2
Let s(j) = 28*j - 697. Suppose 4*i - 2 = 5*i. What is the remainder when s(28) is divided by -1*(i - -3 - 46)?
42
Suppose 13*q + 3*q = 16. What is the remainder when 86 is divided by 1*(7/q - -4)?
9
Let b = -346 + 391. Suppose 23*f + b = 26*f. What is the remainder when 97 is divided by f?
7
Let c = 6450 + -5114. What is the remainder when c is divided by 67?
63
Let a = -2195 + 3345. What is the remainder when a is divided by 27?
16
Let y be (-1)/(-7) - 362*(-12)/168. Suppose -7056 - 640 = -y*p. Calculate the remainder when p is divided by 33.
32
Calculate the remainder when (533 + 0)/((-126)/(-1323) - (-34)/84) is divided by 51.
46
Let m = -20 - -18. Let j be -3 + -17 + ((-6)/m - -1). Let a(r) = -r**3 - 17*r**2 - 21*r - 24. What is the remainder when a(j) is divided by 16?
8
Let t = 383 + -351. What is the remainder when 857 is divided by t?
25
Let v be 2*(14/(-4) + 3)*-21. Let c = -6 + v. Let z(t) = -t**2 - 10*t - 21. What is the remainder when c is divided by z(-4)?
0
Let m(l) = -2*l**2 + 408*l - 2898. Calculate the remainder when m(176) is divided by 80.
78
Let t = -478 - -421. Let n = 52 - t. Calculate the remainder when n is divided by 19.
14
Suppose -2*u + 7*u - 2*l = 264, -123 = -2*u - 5*l. What is the remainder when u is divided by 37 + -6 + 7 + 1*-4?
20
Let v be -2*65/10 + 6. Calculate the remainder when (-204)/84*v - (-6)/2 is divided by 8.
4
Suppose 1 = -2*y + 21. Let v(b) = b**3 - 11*b**2 + 13*b + 2. Let q(x) = 2*x**3 + 19*x**2 + 24*x - 15. Calculate the remainder when q(-6) is divided by v(y).
29
Calculate the remainder when 692 is divided by 200/6*(-12)/68*-17.
92
Let c be (-46578)/(-98) - 2/7. Suppose -c = -5*r - 4*d, 2*r + 374 = 6*r + 2*d. Calculate the remainder when r is divided by 31.
29
Let k = -2900 - -3613. What is the remainder when k is divided by 141?
8
Let o(j) be the first derivative of -3*j**2 - 36*j - 7. Let s be o(-6). Suppose 0 = -5*c - s*c + 100. What is the remainder when 36 is divided by c?
16
Suppose -2*f = -10*v + 7*v - 19, 4*v = 4*f - 44. Calculate the remainder when 4 + 0 + -3 - (-1134)/7 is divided by f.
9
Suppose 9*b - 47*b + 2926 = 0. Let d(n) = 3*n - 72. What is the remainder when b is divided by d(38)?
35
Let u(m) = m**3 - 22*m**2 + 103*m - 17. Calculate the remainder when 674 is divided by u(16).
9
Calculate the remainder when (-8 + 3 - -3)*((-4830)/28 - -15) is divided by 60.
15
Suppose 19*k = 11265 - 7180. What is the remainder when 416 is divided by k?
201
Let u = -528 + 534. Suppose -u*x = -143 - 547. What is the remainder when x is divided by 9?
7
Let y(j) = 201*j - 127. Let w be y(7). What is the remainder when (14/4 + 1)/(64/w) is divided by 28?
6
Let f = -17 + 79. Let q(i) = 2*i**3 + 40*i**2 + 7*i + 92. What is the remainder when q(-19) is divided by f?
61
Let d(x) = 6*x**3 - 2*x**2 - 2. What is the remainder when 186 is divided by d(2)?
34
Let x = 81 + -50. Suppose g - 6*y + y = -9, 0 = -g - 3*y + x. What is the remainder when (-29)/(-9) + 24/(-108) - -75 is divided by g?
14
Suppose 4*p + 17385 = r, -19721 - 15021 = -2*r + p. What is the remainder when r is divided by 86?
83
Let i(j) = -50*j - 82. Suppose 8*n - 14*n = 12. What is the remainder when i(n) is divided by 3?
0
Let u(b) = 2*b + 16. Let g be u(-5). Let j be (261/10 - (-2)/5)*2. Suppose g*m - j + 5 = 0. What is the remainder when 8 is divided by m?
0
Suppose -312*k + 19233 = -31935. What is the remainder when 1815 is divided by k?
11
Suppose 168 = 2868*w - 2892*w + 576. Let k(o) = -o**2 + 12*o - 8. What is the remainder when k(8) is divided by w?
7
Let h = 48 + -45. Let o(j) = -j**2 + 6*j - 5. Let b be o(h). Calculate the remainder when 43 is divided by -1 + b - (10 + -22).
13
Let b(n) = -56*n - 1. Suppose 1 = 47*p - 46*p. Calculate the remainder when b(-1) is divided by 20 - p - (1 + -1).
17
Let t = 38536 + -38510. Let c be 4/(-18) - 100/(-45). Suppose 228 = f + 2*f - 3*k, k = c*f - 151. What is the remainder when f is divided by t?
23
Let v be (-1 - -2)/(3/(-72)). What is the remainder when 38 is divided by (1/1)/((-4)/v)?
2
Calculate the remainder when 2311 is divided by (-2)/4*(59 + -241).
36
Let f = 12 - 12. Suppose f = 3*n - 10*n + 35. Suppose 3*q = 3*l - 381, 0 = -n*l + q + 262 + 357. What is the remainder when l is divided by 25?
23
Let w = 1110 - 1089. Calculate the remainder when 269 is divided by w.
17
Let i be (-4527)/9*(4 + -5). Let r = i - 382. Calculate the remainder when r is divided by 16.
9
Let p = 5 + 14. Suppose -p - 16 = -k. Calculate the remainder when k is divided by (-56 + 51)*2/(-10) + 11.
11
Suppose 3*p + 3*j - j = -2566, j = -2*p - 1711. Calculate the remainder when 12/54 - p/36 is divided by 13.
11
What is the remainder when 7886 is divided by (-2898)/(-21) + (-1 - (-2 + 3))?
134
Suppose 3*i - 57 = 87. Let b = -241 - -248. Suppose -18*f + 110 = -b*f. What is the remainder when i is divided by f?
8
Let y(t) = -2*t**2 - 10*t - 7. What is the remainder when 24 is divided by y(-3)?
4
Suppose 38*z + 0 - 608 = 0. What is the remainder when 18975 is divided by z?
15
Suppose -4*y = 5*m - 117, 2*y - m + 2*m = 51. Suppose -y*v - 1113 = -8634. What is the remainder when v is divided by 66?
63
Let v = 102 - 97. Suppose v*o = -o + 12. Suppose -2*z - u = -57, 2*z + o*u - 52 = -0*u. What is the remainder when z is divided by 17?
14
Let n(y) = -4*y**2 - 30*y + 4. Suppose -o + 2 - 25 = -3*h, -4*o = 4*h + 60. Calculate the remainder when n(-3) is divided by o*(-42)/45 - (-2)/15.
10
Let c = -424 + 614. Suppose -19*g + 17*g + c = 0. What is the remainder when g is divided by 27?
14
Suppose -4*m - 63 = -u - 15, -5*u + 312 = -2*m. What is the remainder when 245 is divided by u?
53
Let k = -18822 + 18844. Suppose -2*p = -0*p - 10. What is the remainder when k is divided by p?
2
Suppose 28 = -0*r + 4*r. Let j = -226 - -1079. Let d = j - 827. Calculate the remainder when d is divided by r.
5
Let f(b) = -21*b + 193. Let o be f(7). Suppose m + 5*g + 18 = 3*m, 3*m - o = -2*g. Let w(v) = 19*v - 2. What is the remainder when w(3) is divided by m?
13
Suppose -4*p = r - 208 + 29, -2*p + 67 = 5*r. Suppose -47*n + 29 = -p*n. Calculate the remainder when 41 is divided by n.
12
Suppose -74*i + 71*i + 285 = 0. Suppose -3*c = -25 - i. Suppose -c = -3*d + 80. Calculate the remainder when 79 is divided by d.
39
Suppose 2288 = 6*f - 6268. What is the remainder when f is divided by 55?
51
Suppose 54 = 2*u + g + 22, 4*g = u + 2. Let q(j) = -7*j**2 - 9*j**2 - 3 + u*j**2 + 13*j**3 + 4*j. What is the remainder when q(2) is divided by 26?
23
Suppose 2*i + 0*i = -5*j - 221, -181 = 4*j + 3*i. Let x = -29 - j. Suppose 5*s + 2160 = 50*s. What is the remainder when s is divided by x?
6
Let h = -197 + 202. Suppose 0 = f - 7*b + 2*b - 56, -4*b + 152 = 4*f. Calculate the remainder when f is divided by (-9 - 1)*(33/h)/(-3).
19
Let c(b) = 3*b**2 - 10*b - 47. What is the remainder when 348 is divided by c(8)?
23
Let o = -441 - -749. Suppose 14*v - 126 = o. What is the remainder when (-3)/((-622)/308 + 2) is divided by v?
30
Let k(t) = -2*t + 10. Let n(i) = 164*i - 10478. What is the remainder when k(-7) is divided by n(64)?
6
Let d be 6/4*(-33 - -31). Calculate the remainder when 30*(d - (-90)/25) is divided by 8.
2
Suppose -4*k + 4 = -3*k. Let o = k - -1. Let n(f) = 4*f**2 - 94*f + 1. Calculate the remainder when n(24) is divided by o.
4
Let r be (-1)/(-2)*(10 + -8 - -14). Suppose 4*n + 2*q = 90, 2*q = -n - r + 38. What is the remainder when 216 is divided by n?
16
Let m be (2 + -1)/((-3 + 10)/1589). Suppose 5*v = 4*i - m, -i + 85 - 35 = v. Calculate the remainder when i is divided by 17.
2
Let p = 3517 - 1880. What is the remainder when p is divided by